alculate the highest common factor of i and l.
1
Let z(m) = -m - 2 - 5 + 3 - 2. Let v be z(-9). Calculate the highest common divisor of v and 24.
3
Let p = 270 - 214. Calculate the greatest common factor of p and 1736.
56
Let y(r) = r**3 - 12*r**2 + 9*r + 16. Let h be y(11). Let a be (-4)/h - 160/(-3). Suppose -174 = -5*d - a. Calculate the highest common factor of d and 36.
12
Let u(d) = 57*d**2 - d - 1. Let s be u(2). Let x be (-8)/(-2) - (2 + -25). Let f = 52 - x. What is the greatest common divisor of f and s?
25
Let j(n) = -n**3 + n**2 - n + 152. Let p be j(0). Let g = 2185 - 2147. What is the greatest common factor of p and g?
38
Suppose 28*p = -3 + 1235. Calculate the greatest common factor of 33 and p.
11
Let z = -21 - -38. Suppose z*d - 12*d - 15 = 0. Calculate the highest common divisor of 12 and d.
3
Let y = 216 + -137. Suppose -y = -5*w + 251. What is the highest common divisor of w and 22?
22
Let g(n) = -n + 17. Let p be g(14). Suppose -10 = -5*x + p*x. What is the highest common factor of 10 and x?
5
Let h(r) = -r**3 - r**2 + 3*r - 4. Let y be h(-3). Suppose 22 = y*w - 13. Let s = -28 + 49. Calculate the highest common divisor of s and w.
7
Suppose k = 7*k - 96. Calculate the highest common divisor of k and 16.
16
Let l = -1299 - -1317. Calculate the greatest common factor of 168 and l.
6
Let c be 43*(1 - 3)/2. Let d = 13 - c. Calculate the highest common factor of d and 7.
7
Suppose -25 = -19*q + 14*q. Suppose -2*s - q = 3*i - 23, -5*i - 2*s + 26 = 0. Calculate the highest common divisor of i and 32.
4
Let f(a) = -a**3 - 7*a**2 - 6*a - 17. Let j be f(-7). Suppose 5*m - 98 = i, m - 2*i - j = -0*m. Calculate the highest common divisor of m and 76.
19
Suppose -4*o + 4*s + 420 = 0, 4*o + 12*s - 11*s = 405. Suppose -3*a = -2*a - 4*c + 14, 2*c - 34 = -4*a. What is the greatest common factor of o and a?
6
Suppose -44 = -5*g - 29. What is the highest common divisor of g and 1?
1
Let g(y) = y**2 - 17*y - 24. Let d be (-308)/(-17) - 4/34. Let h be g(d). Let t be 14*(15/h - -3). Calculate the highest common factor of 7 and t.
7
Let q = 69 - 66. Suppose q*m = 7*m - 40. What is the highest common divisor of m and 140?
10
Suppose 5*o + 2*u - 1999 = 0, -857 = -2*o + 5*u - 69. Calculate the greatest common factor of 42 and o.
21
Let k be 60/72 - (-2245)/6. Calculate the greatest common factor of 15 and k.
15
Let p(i) be the third derivative of 0*i - 1/24*i**4 + 0 + 2*i**2 - 2/3*i**3. Let w be p(-12). What is the highest common factor of 56 and w?
8
Let z(d) = -62*d**2 - 1. Let p be z(-1). Let t = p - -90. Calculate the highest common factor of 3 and t.
3
Let m be (862 - -14)*(-8)/(-6). Calculate the greatest common factor of m and 16.
16
Let a(v) = 2*v**2 + 7*v + 8. Suppose 3*d - 4 = 5*d. Let k be a(d). What is the highest common divisor of k and 8?
2
Let h be 20/(-15)*21/(-2). Let g = 51 + -49. Calculate the highest common divisor of h and g.
2
Let z = 986 + -497. Let c be 3/(99/z) - (-4)/22. Calculate the highest common divisor of c and 90.
15
Let t be ((-2)/(-8))/((-1)/(-160)*10). Suppose 4*u - p = 236, 4*u = u + 2*p + 172. What is the highest common divisor of t and u?
4
Let g = 871 - 864. Let j be 1/2 - 26/(-4). Calculate the highest common divisor of j and g.
7
Suppose 0 = -5*i + 4*p + 1270, -i + 3*p = 2*i - 759. Calculate the greatest common divisor of 6 and i.
6
Suppose -4*k = 16, 3*k + 32 = 3*f - 2*k. What is the highest common factor of f and 108?
4
Suppose 7*h - 12*h = -100. Let l(s) = 2*s - 11. Let g be l(5). Let o be (125 - 5)*g/(-2). What is the greatest common divisor of o and h?
20
Let j(f) = f**3 - 6*f**2 - 10*f - 68. Let h be j(10). What is the greatest common divisor of 16 and h?
8
Let p = -130 - -151. Let o(g) = g**2 - 6*g - 1. Let c be o(6). Let b be c*35*2/(-5). What is the highest common divisor of b and p?
7
Suppose 271 = 5*y - z, 3*z = y + 3*y - 208. Let r(x) = -x**2 - 29*x - 49. Let j be r(-27). What is the greatest common factor of j and y?
5
Let a(r) = r**3 + 7*r**2 + r + 5. Let t be a(-5). Suppose m - 130 = -4*m. Let j = -6 + m. Calculate the highest common divisor of j and t.
10
Let p be (-770)/(-1 + 4/(-4)). Calculate the highest common factor of p and 154.
77
Suppose -n + 2*q = -24 - 4, q = -n + 13. Suppose 2*h + 4 - n = 0. Suppose 0 = -h*v + 12*v - 55. What is the greatest common factor of 88 and v?
11
Let l be ((-148)/3)/(8/(-12)). Suppose -5*h - 54 + l = 0. Calculate the greatest common divisor of h and 36.
4
Let m be (11 + (-123)/9)/((-2)/42). Calculate the highest common divisor of 7 and m.
7
Suppose -3*p = -5*p + 20. Let o = -1 + p. Suppose 0 = -s + 5*k + 34, 3*k = -4*s - 0 + 21. Calculate the highest common factor of o and s.
9
Suppose 43 + 45 = 3*v + n, 2*v = n + 62. What is the highest common factor of 1080 and v?
30
Suppose -o + 402 = -4*w + 26, 5*w - 20 = 0. Suppose g - 69 = -p, 41 - o = -5*p + g. Calculate the greatest common factor of 10 and p.
10
Let h be (-2)/(-3)*126/4. What is the highest common divisor of 4 and h?
1
Suppose -i - 23 = -71. Let d(r) = 12*r**3 - r**2 + 1. Let n be d(1). Calculate the highest common factor of i and n.
12
Let p be (-2)/((-36)/(-81))*-2. What is the greatest common divisor of p and 342?
9
Let s(p) = -2*p + 6. Let f be s(4). Let j(a) = -10*a**3 + 2*a**2 - 2*a - 2. Let m be j(f). Calculate the highest common factor of 10 and m.
10
Suppose -47*x = -82 - 12. Let h be (1 + -5)*9/(-2). Calculate the greatest common divisor of h and x.
2
Suppose -5*k + 2 = -4*p, 0 = 4*k - 3*p + 2 - 3. Let d be (3/k)/(4/(-88)). Suppose 5*t + d - 233 = 0. Calculate the greatest common divisor of t and 8.
8
Suppose -5*j - 6*r + 9*r = -1, -1 = -2*j + r. Calculate the highest common factor of 6 and j.
2
Suppose -53 = -4*r + 7. Let q(b) = -2*b + 7. Let w be q(-4). Let k be (w/2)/((-17)/(-34)). What is the highest common divisor of r and k?
15
Let z be (-26)/((-4)/14 - 0). Calculate the greatest common divisor of z and 39.
13
Let a = 173 - -16. Calculate the greatest common divisor of 21 and a.
21
Let j be 2/2 - (-32 - -3). Let i = -24 - -44. Calculate the highest common divisor of j and i.
10
Let l = -271 + 341. What is the greatest common factor of l and 35?
35
Let i be (169 - -11)/(9/6). Calculate the greatest common divisor of 30 and i.
30
Suppose b + 144 = -8*b. Let t be (-12)/b - (-154)/8. Calculate the greatest common factor of t and 10.
10
Suppose 4*a - a = 12. Let h be a/((-4)/(-60)*3). What is the greatest common factor of 20 and h?
20
Let n be 461 + (-8)/1*(-3)/6. Suppose 0 = -13*d + 315 + n. What is the greatest common factor of 24 and d?
12
Suppose -d = 25*d - 9464. What is the highest common divisor of 140 and d?
28
Suppose -23 = -3*h - 11. Suppose 0 = -h*z + 75 + 1. Calculate the greatest common factor of z and 19.
19
Let c = 30 + -12. Suppose c - 5 = m. What is the highest common divisor of m and 39?
13
Suppose 5*o = 11 + 269. Let c be ((-5)/(-2))/(4/o). Suppose -c - 119 = -2*m. Calculate the highest common factor of m and 11.
11
Let h = 265 + -259. Calculate the highest common divisor of 150 and h.
6
Let x = -831 + 851. Calculate the greatest common factor of 2220 and x.
20
Let r(f) = -4*f - 28. Let w(i) = -i - 9. Let q be w(0). Let v be r(q). Calculate the greatest common divisor of v and 8.
8
Let t = 9 - 9. Suppose 2*h - 5*q - 69 = t, h + 0*q = -4*q + 2. What is the greatest common factor of 11 and h?
11
Suppose -t = -5*y + 4*y - 114, t = 5*y + 130. Calculate the highest common divisor of t and 275.
55
Suppose r + 5*x = -r + 1071, -x = -2*r + 1053. Suppose 8*w + 0*w = r. Calculate the highest common divisor of w and 11.
11
Let u(b) = b**3 - 7*b**2 + 6*b + 5. Let t be u(6). Suppose 2*z - 26 = -3*z + 4*x, 4*x + 10 = -3*z. Calculate the greatest common factor of t and z.
1
Let t(q) = 40*q + 1. Let v be t(4). Suppose -67*f + 1051 = -182 - 308. What is the greatest common divisor of v and f?
23
Suppose 4*v = 4*w + 100, 2*w - 4*v - 9 = -53. Let b = w - -48. Let p be (-130)/(-8) - (-15)/b. Calculate the greatest common factor of 68 and p.
17
Let h = -36 - -69. Let r be (-24)/(-20)*(-15)/(-6). Suppose r*t + 4*m - 66 = 0, 0 = -t - m - 0*m + 22. What is the greatest common factor of t and h?
11
Suppose -d = 3*v - 103, 0 = -5*d + 4*v + 2 + 437. Calculate the greatest common divisor of 